ctor of s and 60?
12
Suppose -p + 0*p + 4 = 0. Suppose -5*b - 4*t = 23, 3*b - 5 = 2*b - 4*t. Let l = b + 9. Calculate the highest common factor of l and p.
2
Suppose -2*k = -12 - 2. Let z(a) = -3*a**3 - 10*a**2 - a - 11. Let h be z(-5). Calculate the highest common divisor of h and k.
7
Let s be -1*1*(-24)/6. Let f be 0/(-2) - (2 - 18). Calculate the greatest common divisor of f and s.
4
Let j(w) = -w**2 + 18*w + 2. Let f be j(18). Suppose -f*z - 3*a = -22, -3*z = -4*z - 4*a + 16. Calculate the greatest common factor of z and 2.
2
Suppose 0 = -q + 6*q - 2*a + 203, 3*q + 129 = 3*a. Let r = q - -41. Calculate the greatest common factor of r and 22.
2
Let l(j) = j + 34. Let k be l(-10). Suppose -2*u = 3*u - 40. What is the greatest common factor of u and k?
8
Let d(x) = 3*x**3 - 1. Let h be d(1). Let z be (1 + 18/4)*h. Let r be (6/(-4))/(3/(-22)). Calculate the greatest common divisor of r and z.
11
Suppose 0 = -2*z + 4*o - 9*o + 1924, z - 992 = 5*o. Suppose 0*k - z = -3*k. Calculate the highest common factor of 36 and k.
36
Let t be 0*(63/182 - 2/(-13)). Let i(j) = -j**2 - 2*j + 48. Let k be i(t). What is the greatest common divisor of k and 12?
12
Suppose -322*g - 216 = -334*g. What is the greatest common factor of 16 and g?
2
Let w(l) = -l**3 + 55*l**2 + 4*l + 67. Let i be w(55). Calculate the highest common divisor of 369 and i.
41
Let z = -2095 + 3359. Calculate the greatest common factor of z and 80.
16
Let h(p) = p + 8. Let z be h(-5). Suppose 0 = -z*f + 6*f - 21. Calculate the highest common factor of 14 and f.
7
Let z be (-60)/8*(-76)/6. Let c(f) = -f**3 + 9*f**2 - 6*f + 3. Let t be c(8). What is the highest common factor of t and z?
19
Let a be -32*1*4/(-8). Let w(i) = 2*i - 12. Let u be w(12). Let t be (-1011)/(-9) - 4/u. What is the highest common factor of t and a?
16
Let k(a) = 6*a - 4. Let u be k(1). Suppose 0 = -s - u*p + 162, -3*s - 170 = -4*s - 4*p. What is the highest common factor of 22 and s?
22
Let x(s) = -s**3 - 29*s**2 - 79*s - 25. Let k be x(-26). Suppose 0 = -4*l - l + 10. Calculate the highest common divisor of l and k.
1
Let o be 15/((1*-3)/3). Let u be o/3*(-48)/5. Suppose -18*g - 2*g = -240. What is the highest common divisor of g and u?
12
Let h be 5/(-10)*-46*12. Calculate the highest common divisor of h and 12.
12
Let n(a) = -2*a + 5. Let y be n(-4). Let u = 76 + -80. Let k = 30 + u. Calculate the highest common factor of k and y.
13
Let z(h) = 2*h**3 - h**2 - h + 276. Let s be z(0). Calculate the highest common factor of 12 and s.
12
Suppose 0 = r + 5*n + 21, -5*r - 21 = -9*r + n. Let j(k) = k**3 + 5*k**2 + 2*k + 2. Let t be j(-2). What is the greatest common divisor of r and t?
2
Let v be (-36)/63*14/4. Let w be 8 + 0 + 2 + v. Calculate the greatest common factor of w and 64.
8
Let j(z) = 2*z**3 + 36*z**2 - 19*z - 66. Let m be j(-18). Calculate the greatest common divisor of 96 and m.
12
Let m be (40/(-2))/(-5) - 2. Suppose -2*s = -5*t - 0*s + 250, -m*s = 3*t - 150. Calculate the greatest common factor of 10 and t.
10
Let r be (10/15)/(17/108171). What is the greatest common divisor of r and 21?
21
Suppose -3*r = -7*r - 2*y + 124, -155 = -5*r - y. Let o(m) = 7*m**2 - 3*m. Let l be o(-4). Calculate the highest common factor of r and l.
31
Let d be 4/(24/147) + 40/(-16). Calculate the highest common factor of 187 and d.
11
Suppose -4*t + 4 = 0, 3*c - t - 6 - 29 = 0. Let j(k) = 61*k + 7. Let r be j(5). Let y = 444 - r. Calculate the greatest common factor of y and c.
12
Suppose 3*z - 30 = -4*m, -3*z + 11 = -2*m - 1. Suppose 0 = k + k - 4. What is the highest common divisor of z and k?
2
Let s = -3 - -6. Let l(i) = 15*i**2 + 6*i - 6. Let d be l(s). Calculate the greatest common divisor of 21 and d.
21
Suppose -3*f - 135 = -4*o, 22*o - 21*o + 5*f - 51 = 0. Calculate the highest common divisor of o and 156.
12
Let v(h) = h**3 + 6*h**2 - h - 4. Let o = 6 - 12. Let a be v(o). Suppose 0*w + 6 = w - a*p, 0 = 5*w - 4*p - 36. Calculate the greatest common factor of w and 8.
8
Let c = -5 + -6. Let v be (c + -1)/((-18)/24). What is the highest common divisor of v and 48?
16
Let s be 4*-1*(-2 + 1). Let a = 133 + -78. Suppose -s*w + 3*w = -a. Calculate the greatest common factor of 5 and w.
5
Let d = 10 - 10. Let a(j) = -6*j + 36. Let g be a(d). What is the highest common factor of g and 90?
18
Let y(v) = -2 - 20*v**2 + 28*v - 5 + v**3 - 6 - 8. Let t be y(19). What is the highest common divisor of 50 and t?
50
Let d(x) = 5*x**2 + 9*x + 30. Let s be d(-3). Suppose 0 = -147*g + 149*g - s. What is the greatest common divisor of g and 12?
12
Let n be (-12)/9*6/(-4). Let s be (0/12)/(-1 - n). Suppose 5*f + 0*f - 605 = s. What is the greatest common factor of 11 and f?
11
Let w = -110 + 128. Calculate the highest common factor of 2 and w.
2
Suppose 680 = 48*q - 43*q. What is the highest common divisor of 34 and q?
34
Suppose 4*w = 2*g + 14 - 42, -3*g = 2*w - 82. Suppose 5*y = -4*k + 139, 0*y + 2*y = 2*k - 74. What is the highest common factor of k and g?
12
Let q(y) = -5*y + 25. Let x be q(-7). Let z(p) = -4*p - 2. Let m be z(2). Let t be (0 + 4/m)*-30. Calculate the greatest common divisor of t and x.
12
Let o = 108 - 58. Suppose -3261 = -144*f + 11886 + 2853. Calculate the highest common factor of o and f.
25
Suppose -5*a + 36 = -4*v, 16 = -2*a + a - 5*v. Suppose -a*k + 68 = -24. What is the greatest common divisor of 23 and k?
23
Let v be 4/(-10) - 188/(-20). Let o = v + -21. Let g = 17 + o. What is the highest common divisor of g and 1?
1
Let r = 7 + 3. Suppose -11*g - 8*g + 137 = -243. What is the greatest common divisor of g and r?
10
Let o = -34 + 23. Let r = o + -3. Let t = -10 - r. Calculate the highest common divisor of 2 and t.
2
Let l be (-2)/1 + 49 + 11. Let b = l - 32. Calculate the highest common factor of b and 78.
26
Let p = 65 - -220. Let o be (-16)/12*p/(-10). What is the greatest common factor of 304 and o?
38
Suppose -3*u = -l - 4*u + 3, 5*l - 5*u = -15. Let n be (-6 - l)*25/(-10). What is the highest common factor of 15 and n?
15
Let v(k) = 3*k**2 - 16*k - 32. Let q be v(8). Suppose 9 = 4*h - 3. Suppose -2*j + 11 = h. What is the highest common divisor of q and j?
4
Let s = -26 + 81. Let w(y) = -y**3 - y**2 + 6*y + 5. Let p be w(-3). Calculate the greatest common divisor of p and s.
5
Let z be (44 + 1)/5 - 6. What is the greatest common factor of z and 6?
3
Let g be (2 - -1)*((-392)/(-7) + -11). Let c be -1 + -1 + 0 + 92. What is the highest common factor of g and c?
45
Let p be ((-4)/5)/(2/10). Let b = p - 5. Let a be (6 - -1) + b/(-3). What is the greatest common divisor of 90 and a?
10
Suppose -446 = 5*h - 1536. Suppose h*f = 222*f - 104. Suppose 3*b - 65 = 52. Calculate the highest common divisor of f and b.
13
Let f(o) = -3*o**3 + 2*o**2 + o - 9. Let g be (10/(-15)*(-9)/(-2))/1. Let l be f(g). Calculate the greatest common divisor of 58 and l.
29
Let i = 1639 - 1588. What is the greatest common factor of i and 4029?
51
Let s be ((-18)/7 + 2)*(-30 - -16). What is the highest common divisor of 8 and s?
8
Let t be 8/20*(-8 + 199 - 6). What is the greatest common factor of t and 1295?
37
Let c(z) = 2*z**2 - 7*z - 21. Let n be c(-3). What is the highest common factor of 117 and n?
9
Let j be ((-27)/54)/((-2)/(-24)) + 65. Calculate the greatest common divisor of j and 236.
59
Let x = 31 + -30. Let m(i) = 2*i - 11. Let z(n) = -n**3 - n**2 + n + 8. Let o be z(0). Let u be m(o). Calculate the greatest common factor of u and x.
1
Let i(u) = 15*u**2 + 29*u - 28. Let b be i(1). What is the highest common divisor of b and 88?
8
Let c be 14/21 + -280*(-3)/9. Let g = -73 + c. What is the greatest common factor of 147 and g?
21
Let t be 0 + 1/((-1)/(-2)). Let y be ((-2)/2)/(t/4). Let a be (y + 3)/1 - -2. What is the highest common divisor of a and 15?
3
Let s(f) be the first derivative of 4*f**3/3 - 13*f**2 + 14*f - 25. Let j be s(7). What is the highest common divisor of j and 42?
14
Suppose 85*b + 20886 - 106566 = 0. What is the greatest common divisor of 24 and b?
24
Let s(r) = 8*r**2 + 4*r + 14. Let u be s(11). Suppose 0 = 2*p + 7*p - u. What is the greatest common divisor of 38 and p?
38
Let f = 51 - 48. Suppose l - 540 = -f*l. What is the highest common divisor of 15 and l?
15
Let n be (18 - 13)*(2 - (0 - 2)). C